d thousands digit of 156187749?
1
What is the units digit of 87373444?
4
What is the ten millions digit of 1664383201?
6
What is the hundreds digit of 506235136?
1
What is the units digit of 7443163075?
5
What is the tens digit of 72377158?
5
What is the ten millions digit of 283256531?
8
What is the hundreds digit of 82203053?
0
What is the millions digit of 7446571775?
6
What is the tens digit of 744740353?
5
What is the hundreds digit of 2436755038?
0
What is the ten millions digit of 737330069?
3
What is the thousands digit of 411194995?
4
What is the tens digit of 707134110?
1
What is the thousands digit of 13347625?
7
What is the ten thousands digit of 372475852?
7
What is the hundreds digit of 17071445?
4
What is the ten thousands digit of 117265249?
6
What is the hundred thousands digit of 121260323?
2
What is the thousands digit of 46779174?
9
What is the hundreds digit of 544668447?
4
What is the hundred thousands digit of 31022777?
0
What is the hundred thousands digit of 6333281196?
2
What is the ten millions digit of 6437056653?
3
What is the ten millions digit of 414286371?
1
What is the tens digit of 40997153?
5
What is the hundred millions digit of 4054066603?
0
What is the ten millions digit of 622416327?
2
What is the ten thousands digit of 26747317?
4
What is the millions digit of 10185243?
0
What is the ten thousands digit of 71673530?
7
What is the ten millions digit of 333536998?
3
What is the units digit of 391816175?
5
What is the tens digit of 221392322?
2
What is the millions digit of 166826699?
6
What is the ten thousands digit of 29800540?
0
What is the hundred thousands digit of 53164621?
1
What is the ten thousands digit of 30455062?
5
What is the ten millions digit of 50049400?
5
What is the thousands digit of 659778757?
8
What is the tens digit of 1417175956?
5
What is the thousands digit of 1909684269?
4
What is the ten thousands digit of 25377091?
7
What is the millions digit of 1687964901?
7
What is the thousands digit of 161782502?
2
What is the millions digit of 383853361?
3
What is the hundreds digit of 367511230?
2
What is the hundreds digit of 771775941?
9
What is the hundreds digit of 202808941?
9
What is the units digit of 40101791?
1
What is the billions digit of 2189182549?
2
What is the hundreds digit of 512547788?
7
What is the units digit of 2409515982?
2
What is the hundreds digit of 327753921?
9
What is the ten millions digit of 383670575?
8
What is the units digit of 56955130?
0
What is the ten thousands digit of 206226371?
2
What is the tens digit of 110281196?
9
What is the ten thousands digit of 26649833?
4
What is the thousands digit of 2100894988?
4
What is the millions digit of 416488749?
6
What is the units digit of 295369169?
9
What is the thousands digit of 21678765?
8
What is the hundred thousands digit of 17597624?
5
What is the millions digit of 379746730?
9
What is the tens digit of 518090753?
5
What is the tens digit of 67650468?
6
What is the units digit of 81150595?
5
What is the thousands digit of 873472912?
2
What is the hundred thousands digit of 7501906?
5
What is the millions digit of 204962725?
4
What is the hundreds digit of 4223586679?
6
What is the hundreds digit of 213366420?
4
What is the tens digit of 1727651666?
6
What is the ten millions digit of 195391508?
9
What is the hundred thousands digit of 65785037?
7
What is the millions digit of 218542631?
8
What is the hundred millions digit of 3578584390?
5
What is the hundreds digit of 34853506?
5
What is the thousands digit of 293873740?
3
What is the millions digit of 1277102096?
7
What is the ten millions digit of 56824824?
5
What is the millions digit of 1124728123?
4
What is the hundred millions digit of 155273089?
1
What is the units digit of 1132129182?
2
What is the units digit of 3615461?
1
What is the ten millions digit of 215319727?
1
What is the thousands digit of 180753424?
3
What is the hundred thousands digit of 69781566?
7
What is the millions digit of 211943684?
1
What is the tens digit of 36218892?
9
What is the ten thousands digit of 48978123?
7
What is the millions digit of 104136971?
4
What is the hundred thousands digit of 22944427?
9
What is the millions digit of 1003032122?
3
What is the ten thousands digit of 759041980?
4
What is the hundreds digit of 1611436427?
4
What is the ten thousands digit of 329813073?
1
What is the hundreds digit of 223032130?
1
What is the ten thousands digit of 156877756?
7
What is the ten millions digit of 32298133?
3
What is the tens digit of 3243856619?
1
What is the hundreds digit of 622440588?
5
What is the millions digit of 3797916194?
7
What is the tens digit of 25739097?
9
What is the hundred millions digit of 223219070?
2
What is the ten millions digit of 325007803?
2
What is the units digit of 1204883453?
3
What is the hundred millions digit of 347189948?
3
What is the hundreds digit of 1874381898?
8
What is the hundred millions digit of 803928000?
8
What is the hundred thousands digit of 885726553?
7
What is the hundreds digit of 150001449?
4
What is the ten thousands digit of 58211756?
1
What is the ten millions digit of 69389029?
6
What is the hundred thousands digit of 44479277?
4
What is the millions digit of 2291683?
2
What is the units digit of 65621572?
2
What is the thousands digit of 11502940?
2
What is the units digit of 487100755?
5
What is the thousands digit of 229948487?
8
What is the thousands digit of 237970014?
0
What is the hundred millions digit of 703505412?
7
What is the hundreds digit of 704016257?
2
What is the millions digit of 853876544?
3
What is the hundred thousands digit of 132897345?
8
What is the tens digit of 52953747?
4
What is the tens digit of 6764355996?
9
What is the ten millions digit of 574804048?
7
What is the hundred thousands digit of 147579952?
5
What is the tens digit of 171693721?
2
What is the units digit of 1374136342?
2
What is the hundred thousands digit of 200687572?
6
What is the hundreds digit of 786092808?
8
What is the hundreds digit of 8339246?
2
What is the hundred thousands digit of 238198208?
1
What is the thousands digit of 1709680595?
0
What is the hundred thousands digit of 3011213248?
2
What is the millions digit of 2761337713?
1
What is the units digit of 73819504?
4
What is the tens digit of 1653058156?
5
What is the millions digit of 59986676?
9
What is the thousands digit of 176487155?
7
What is the units digit of 283655954?
4
What is the thousands digit of 18420264?
0
What is the hundred thousands digit of 104703780?
7
What is the tens digit of 40751586?
8
What is the tens digit of 1696396003?
0
What is the millions digit of 6262021037?
2
What is the hundred thousands digit of 37866832?
8
What is the units digit of 36019503?
3
What is the millions digit of 2267731132?
7
What is the hundreds digit of 52506150?
1
What is the tens digit of 39369585?
8
What is the hundred thousands digit of 929828707?
8
What is the units digit of 225631899?
9
What is the hundred thousands digit of 112246503?
2
What is the tens digit of 96973625?
2
What is the hundreds digit of 5708117?
1
What is the tens digit of 11038553?
5
What is the units digit of 282439605?
5
What is the ten thousands digit of 1176202841?
0
What is the hundreds digit of 6999767?
7
What is the thousands digit of 238655971?
5
What is the hundreds digit of 51606763?
7
What is the hundreds digit of 180307713?
7
What is the millions digit of 1251409098?
1
What is the units digit of 215936440?
0
What is the hundred thousands digit of 1338701435?
7
What is the tens digit of 899473823?
2
What is the ten thousands digit of 215747444?
4
What is the ten thousands digit of 2925236?
2
What is the ten thousands digit of 4901834373?
3
What is the tens digit of 15085748?
4
What is the hundred thousands digit of 161907717?
9
What is the tens digit of 2818621434?
3
What is the hundreds digit of 14503239?
2
What is the millions digit of 39722835?
9
What is the ten thousands digit of 49808212?
0
What is the billions digit of 5509340798?
5
What is the hundreds digit of 3931644071?
0
What is the billions digit of 1183359801?
1
What is the units digit of 1250513209?
9
What is the tens digit of 817614537?
3
What is the hundred thousands digit of 53838132?
8
